{"id":239,"date":"2018-01-12T10:38:56","date_gmt":"2018-01-12T09:38:56","guid":{"rendered":"http:\/\/www.buergernetz-alb.de\/?page_id=239"},"modified":"2022-01-30T10:03:23","modified_gmt":"2022-01-30T09:03:23","slug":"geschichte-2","status":"publish","type":"page","link":"https:\/\/www.buergernetz-alb.de\/bna\/geschichte-2\/","title":{"rendered":"Die Vereinsgeschichte vom B\u00fcrgernetz Alb e.V."},"content":{"rendered":"\t\t<div data-elementor-type=\"wp-post\" data-elementor-id=\"239\" class=\"elementor elementor-239\">\n\t\t\t\t\t\t<section class=\"elementor-section elementor-top-section elementor-element elementor-element-e5570cd elementor-section-boxed elementor-section-height-default elementor-section-height-default\" data-id=\"e5570cd\" data-element_type=\"section\" data-e-type=\"section\">\n\t\t\t\t\t\t<div class=\"elementor-container elementor-column-gap-default\">\n\t\t\t\t\t<div class=\"elementor-column elementor-col-100 elementor-top-column elementor-element elementor-element-501837b\" data-id=\"501837b\" data-element_type=\"column\" data-e-type=\"column\" data-settings=\"{&quot;background_background&quot;:&quot;gradient&quot;}\">\n\t\t\t<div class=\"elementor-widget-wrap elementor-element-populated\">\n\t\t\t\t\t\t<div class=\"elementor-element elementor-element-542adde elementor-widget elementor-widget-image\" data-id=\"542adde\" data-element_type=\"widget\" data-e-type=\"widget\" data-widget_type=\"image.default\">\n\t\t\t\t<div class=\"elementor-widget-container\">\n\t\t\t\t\t\t\t\t\t\t\t\t\t\t\t<img fetchpriority=\"high\" decoding=\"async\" width=\"300\" height=\"300\" src=\"https:\/\/www.buergernetz-alb.de\/wp-content\/uploads\/2020\/02\/buergernetz-alb-300x300.png\" class=\"attachment-medium size-medium wp-image-493\" alt=\"\" srcset=\"https:\/\/www.buergernetz-alb.de\/wp-content\/uploads\/2020\/02\/buergernetz-alb-300x300.png 300w, https:\/\/www.buergernetz-alb.de\/wp-content\/uploads\/2020\/02\/buergernetz-alb-150x150.png 150w, https:\/\/www.buergernetz-alb.de\/wp-content\/uploads\/2020\/02\/buergernetz-alb.png 512w\" sizes=\"(max-width: 300px) 100vw, 300px\" \/>\t\t\t\t\t\t\t\t\t\t\t\t\t\t\t<\/div>\n\t\t\t\t<\/div>\n\t\t\t\t<div class=\"elementor-element elementor-element-4f13646 elementor-widget elementor-widget-heading\" data-id=\"4f13646\" data-element_type=\"widget\" data-e-type=\"widget\" data-widget_type=\"heading.default\">\n\t\t\t\t<div class=\"elementor-widget-container\">\n\t\t\t\t\t<h3 class=\"elementor-heading-title elementor-size-default\">Die Vereinsgeschichte vom B\u00fcrgernetz Alb e.V.<\/h3>\t\t\t\t<\/div>\n\t\t\t\t<\/div>\n\t\t\t\t\t<\/div>\n\t\t<\/div>\n\t\t\t\t\t<\/div>\n\t\t<\/section>\n\t\t\t\t<section class=\"elementor-section elementor-top-section elementor-element elementor-element-91caaad elementor-section-boxed elementor-section-height-default elementor-section-height-default\" data-id=\"91caaad\" data-element_type=\"section\" data-e-type=\"section\">\n\t\t\t\t\t\t<div class=\"elementor-container elementor-column-gap-no\">\n\t\t\t\t\t<div class=\"elementor-column elementor-col-100 elementor-top-column elementor-element elementor-element-1665b7a\" data-id=\"1665b7a\" data-element_type=\"column\" data-e-type=\"column\">\n\t\t\t<div class=\"elementor-widget-wrap elementor-element-populated\">\n\t\t\t\t\t\t<div class=\"elementor-element elementor-element-72d72f2 elementor-widget elementor-widget-text-editor\" data-id=\"72d72f2\" data-element_type=\"widget\" data-e-type=\"widget\" data-widget_type=\"text-editor.default\">\n\t\t\t\t<div class=\"elementor-widget-container\">\n\t\t\t\t\t\t\t\t\t<h3 style=\"text-align: center;\">Am 23. Juli 2014 wurde B\u00fcrgernetz Alb e.V gegr\u00fcndet.<\/h3>\t\t\t\t\t\t\t\t<\/div>\n\t\t\t\t<\/div>\n\t\t\t\t<div class=\"elementor-element elementor-element-e01e830 elementor-widget elementor-widget-text-editor\" data-id=\"e01e830\" data-element_type=\"widget\" data-e-type=\"widget\" data-widget_type=\"text-editor.default\">\n\t\t\t\t<div class=\"elementor-widget-container\">\n\t\t\t\t\t\t\t\t\t<table>\n<tbody>\n<tr style=\"background-color: rgba(134,194,235,0.43);\">\n<th style=\"width: 608px;\" colspan=\"3\">2014<\/th>\n<\/tr>\n<tr>\n<td style=\"width: 4px;\">&nbsp;<\/td>\n<td style=\"width: 225px;\">Gr\u00fcndungsversammlung<\/td>\n<td style=\"width: 379px;\">23. Juli 2014<\/td>\n<\/tr>\n<tr>\n<td style=\"width: 4px;\">&nbsp;<\/td>\n<td style=\"width: 225px;\">Vorstand<\/td>\n<td style=\"width: 379px;\">Ernst Eberhardt, Brigitte Geiser, Krista Petermann,<br>Ulrike Harrer, Iris Mayer<\/td>\n<\/tr>\n<tr>\n<td style=\"width: 4px;\">&nbsp;<\/td>\n<td style=\"width: 225px;\">Mitgliederzahl<\/td>\n<td style=\"width: 379px;\">25 Gr\u00fcndungsmitglieder<\/td>\n<\/tr>\n<tr>\n<td style=\"width: 4px;\">&nbsp;<\/td>\n<td style=\"width: 225px;\">Eintrag ins Vereinsregister<\/td>\n<td style=\"width: 379px;\">4. August 2014<\/td>\n<\/tr>\n<tr>\n<td style=\"width: 4px;\">&nbsp;<\/td>\n<td style=\"width: 225px;\">Weihnachtsmarktstand in M\u00fcnsingen<\/td>\n<td style=\"width: 379px;\">Ca. 10 Helfer\/innen , 2 Bastel &#8211; Vorbereitungsgruppen<\/td>\n<\/tr>\n<tr>\n<td style=\"width: 4px;\">&nbsp;<\/td>\n<td style=\"width: 225px;\">Ehrung durch die Kreissparkasse RT<\/td>\n<td style=\"width: 379px;\">Das B\u00fcrgernetz wurde von der Seniorenstiftung der<br>Kreissparkasse Reutlingen f\u00fcr seine Leistungen f\u00fcr Senioren geehrt.<\/td>\n<\/tr>\n<tr>\n<td style=\"width: 4px;\">&nbsp;<\/td>\n<td style=\"width: 225px;\">Mitgliederzahl<\/td>\n<td style=\"width: 379px;\">31. Dezember 2014 = 94 Mitglieder<\/td>\n<\/tr>\n<tr>\n<th style=\"background-color: rgba(134, 194, 235, 0.43); width: 608px;\" colspan=\"3\">2015<\/th>\n<\/tr>\n<tr>\n<td style=\"width: 4px;\">&nbsp;<\/td>\n<td style=\"width: 225px;\">Flyer<\/td>\n<td style=\"width: 379px;\">01. November 2015, erstellt vom Arbeitskreis \u00d6ffentlichkeitsarbeit<\/td>\n<\/tr>\n<tr>\n<td style=\"width: 4px;\">&nbsp;<\/td>\n<td style=\"width: 225px;\">erster Homepage-Auftritt<\/td>\n<td style=\"width: 379px;\">Anfang 2015<\/td>\n<\/tr>\n<tr>\n<td style=\"width: 4px;\">&nbsp;<\/td>\n<td style=\"width: 225px;\">Mitgliederhauptversammlung<\/td>\n<td style=\"width: 379px;\">25. April 2015<\/td>\n<\/tr>\n<tr>\n<td style=\"width: 4px;\">&nbsp;<\/td>\n<td style=\"width: 225px;\">Mitgliedschaft ARBES e.V.<\/td>\n<td style=\"width: 379px;\">26. M\u00e4rz 2015: ARBES ist die Arbeitsgemeinschaft des B\u00fcrgerschaftlichen Engagements in BW. Sie arbeitet eng mit dem Sozialministerium zusammen und bietet beratende und finanzielle Unterst\u00fctzung.<\/td>\n<\/tr>\n<tr>\n<td style=\"width: 4px;\">&nbsp;<\/td>\n<td style=\"width: 225px;\">Weihnachtsmarktstand in M\u00fcnsingen<\/td>\n<td style=\"width: 379px;\">Ca. 15 Helfer\/innen , 2 Bastel &#8211; Vorbereitungsgruppen<\/td>\n<\/tr>\n<tr>\n<td style=\"width: 4px;\">&nbsp;<\/td>\n<td style=\"width: 225px;\">Mitgliederzahl<\/td>\n<td style=\"width: 379px;\">31. Dezember 2015 = 118 Mitglieder<\/td>\n<\/tr>\n<tr>\n<th style=\"background-color: rgba(134, 194, 235, 0.43); width: 608px;\" colspan=\"3\">2016<\/th>\n<\/tr>\n<tr>\n<td style=\"width: 4px;\">&nbsp;<\/td>\n<td style=\"width: 225px;\">Mitgliederhauptversammlung<\/td>\n<td style=\"width: 379px;\">22. Februar 2016<\/td>\n<\/tr>\n<tr>\n<td style=\"width: 4px;\">&nbsp;<\/td>\n<td style=\"width: 225px;\">Neuwahl des Vorstandes<\/td>\n<td style=\"width: 379px;\">Ernst Eberhardt, Ursel Maichle-Schmidt, Robert Greiner,<br>Iris Mayer, Hans Holzschuh<\/td>\n<\/tr>\n<tr>\n<td style=\"width: 4px;\">&nbsp;<\/td>\n<td style=\"width: 225px;\">Rundbrief 1<\/td>\n<td style=\"width: 379px;\">01. Juli 2016, erstellt vom AK \u00d6ffentlichkeitsarbeit<\/td>\n<\/tr>\n<tr>\n<td style=\"width: 4px;\">&nbsp;<\/td>\n<td style=\"width: 225px;\">Weihnachtsmarktstand in M\u00fcnsingen<\/td>\n<td style=\"width: 379px;\">Ca. 20 Helfer\/innen , 2 Bastel &#8211; Vorbereitungsgruppen<\/td>\n<\/tr>\n<tr>\n<td style=\"width: 4px;\">&nbsp;<\/td>\n<td style=\"width: 225px;\">Ehrung durch die Kreissparkasse RT<\/td>\n<td style=\"width: 379px;\">Das B\u00fcrgernetz wurde von der Seniorenstiftung der Kreissparkasse Reutlingen f\u00fcr seine Leistungen f\u00fcr Senioren zum zweiten Mal geehrt.<\/td>\n<\/tr>\n<tr>\n<td style=\"width: 4px;\">&nbsp;<\/td>\n<td style=\"width: 225px;\">Mitgliederzahl<\/td>\n<td style=\"width: 379px;\">31. Dezember 2016 = 147 Mitglieder<\/td>\n<\/tr>\n<tr>\n<th style=\"background-color: rgba(134, 194, 235, 0.43); width: 608px;\" colspan=\"3\">2017<\/th>\n<\/tr>\n<tr>\n<td style=\"width: 4px;\">&nbsp;<\/td>\n<td style=\"width: 225px;\">Mitgliederhauptversammlung<\/td>\n<td style=\"width: 379px;\">29. M\u00e4rz 2017<\/td>\n<\/tr>\n<tr>\n<td style=\"width: 4px;\">&nbsp;<\/td>\n<td style=\"width: 225px;\">Rundbrief 2<\/td>\n<td style=\"width: 379px;\">02. November 2017, erstellt vom AK \u00d6ffentlichkeitsarbeit<\/td>\n<\/tr>\n<tr>\n<td style=\"width: 4px;\">&nbsp;<\/td>\n<td style=\"width: 225px;\">Weihnachtsmarktstand in M\u00fcnsingen<\/td>\n<td style=\"width: 379px;\">Ca. 25 Helfer\/innen , 2 Bastel &#8211; Vorbereitungsgruppen<\/td>\n<\/tr>\n<tr>\n<td style=\"width: 4px;\">&nbsp;<\/td>\n<td style=\"width: 225px;\">Mitgliederzahl<\/td>\n<td style=\"width: 379px;\">31. Dezember 2016 = 167 Mitglieder<\/td>\n<\/tr>\n<tr>\n<th style=\"background-color: rgba(134, 194, 235, 0.43); width: 608px;\" colspan=\"3\">2018<\/th>\n<\/tr>\n<tr>\n<td style=\"width: 4px;\">&nbsp;<\/td>\n<td style=\"width: 225px;\">Klausurtagung<\/td>\n<td style=\"width: 379px;\">04. M\u00e4rz 2018: R\u00fcckschau auf bisher Geleistetes, <br>Qualit\u00e4tsmanagement,&nbsp; Vorschau<\/td>\n<\/tr>\n<tr>\n<td style=\"width: 4px;\">&nbsp;<\/td>\n<td style=\"width: 225px;\">Mitgliederhauptversammlung<\/td>\n<td style=\"width: 379px;\">11. April 2018<\/td>\n<\/tr>\n<tr>\n<td style=\"width: 4px;\">&nbsp;<\/td>\n<td style=\"width: 225px;\">Homepage-Aktualisierung<\/td>\n<td style=\"width: 379px;\">Fr\u00fchjahr 2018, erstellt vom AK Homepage<\/td>\n<\/tr>\n<tr>\n<td style=\"width: 4px;\">&nbsp;<\/td>\n<td style=\"width: 225px;\">Mitgliederzahl<\/td>\n<td style=\"width: 379px;\">Aktuell = 174 Mitglieder<\/td>\n<\/tr>\n<\/tbody>\n<\/table>\t\t\t\t\t\t\t\t<\/div>\n\t\t\t\t<\/div>\n\t\t\t\t<div class=\"elementor-element elementor-element-01afb26 elementor-widget elementor-widget-text-editor\" data-id=\"01afb26\" data-element_type=\"widget\" data-e-type=\"widget\" data-widget_type=\"text-editor.default\">\n\t\t\t\t<div class=\"elementor-widget-container\">\n\t\t\t\t\t\t\t\t\t<table>\n<tbody>\n<tr style=\"background-color: rgba(134,194,235,0.43);\">\n<th style=\"width: 608px;\" colspan=\"3\">2019<\/th>\n<\/tr>\n<tr>\n<td style=\"width: 4px;\">&nbsp;<\/td>\n<td style=\"width: 225px;\">Mitgliederhauptversammlung<\/td>\n<td style=\"width: 379px;\">&nbsp;03. April 2019<\/td>\n<\/tr>\n<tr>\n<td style=\"width: 4px;\">&nbsp;<\/td>\n<td style=\"width: 225px;\">Mitgliederzahl<\/td>\n<td style=\"width: 379px;\">171<\/td>\n<\/tr>\n<tr>\n<td style=\"width: 4px;\">&nbsp;<\/td>\n<td style=\"width: 225px;\">coronabedingt keine weiteren Aktivit\u00e4ten<\/td>\n<td style=\"width: 379px;\">&nbsp;<\/td>\n<\/tr>\n<tr>\n<th style=\"background-color: rgba(134, 194, 235, 0.43); width: 608px;\" colspan=\"3\">2020<\/th>\n<\/tr>\n<tr>\n<td style=\"width: 4px;\">&nbsp;<\/td>\n<td style=\"width: 225px;\">coronabedingt keine Mitgliederhauptversammlung<\/td>\n<td style=\"width: 379px;\">&nbsp;<\/td>\n<\/tr>\n<tr>\n<td style=\"width: 4px;\">&nbsp;<\/td>\n<td style=\"width: 225px;\">&nbsp;<\/td>\n<td style=\"width: 379px;\">&nbsp;<\/td>\n<\/tr>\n<tr>\n<th style=\"background-color: rgba(134, 194, 235, 0.43); width: 608px;\" colspan=\"3\">2021<\/th>\n<\/tr>\n<tr>\n<td style=\"width: 4px;\">&nbsp;<\/td>\n<td style=\"width: 225px;\">Mitgliederhauptversammlung<\/td>\n<td style=\"width: 379px;\">25. August 2021<\/td>\n<\/tr>\n<tr>\n<td style=\"width: 4px;\">&nbsp;<\/td>\n<td style=\"width: 225px;\">Mitgliederzahl<\/td>\n<td style=\"width: 379px;\">174<\/td>\n<\/tr>\n<tr>\n<td style=\"width: 4px;\">&nbsp;<\/td>\n<td style=\"width: 225px;\">Beschluss zur Erh\u00f6hung von Arbeitsentgelt und Fahrgeld<\/td>\n<td style=\"width: 379px;\">ab Januar 2022<\/td>\n<\/tr>\n<tr>\n<td style=\"width: 4px;\">&nbsp;<\/td>\n<td style=\"width: 225px;\">K\u00fcnftige Zusammenarbeit mit Pflegest\u00fctzpunkt M\u00fcnsingen<\/td>\n<td style=\"width: 379px;\">&nbsp;<\/td>\n<\/tr>\n<tr>\n<th style=\"background-color: rgba(134, 194, 235, 0.43); width: 608px;\" colspan=\"3\">&nbsp;<\/th>\n<\/tr>\n<tr>\n<td style=\"width: 4px;\">&nbsp;<\/td>\n<td style=\"width: 225px;\">&nbsp;<\/td>\n<td style=\"width: 379px;\">&nbsp;<\/td>\n<\/tr>\n<\/tbody>\n<\/table>\t\t\t\t\t\t\t\t<\/div>\n\t\t\t\t<\/div>\n\t\t\t\t\t<\/div>\n\t\t<\/div>\n\t\t\t\t\t<\/div>\n\t\t<\/section>\n\t\t\t\t<section class=\"elementor-section elementor-top-section elementor-element elementor-element-500059b elementor-section-boxed elementor-section-height-default elementor-section-height-default\" data-id=\"500059b\" data-element_type=\"section\" data-e-type=\"section\">\n\t\t\t\t\t\t<div class=\"elementor-container elementor-column-gap-default\">\n\t\t\t\t\t<div class=\"elementor-column elementor-col-50 elementor-top-column elementor-element elementor-element-7485c7c\" data-id=\"7485c7c\" data-element_type=\"column\" data-e-type=\"column\" data-settings=\"{&quot;background_background&quot;:&quot;classic&quot;}\">\n\t\t\t<div class=\"elementor-widget-wrap elementor-element-populated\">\n\t\t\t\t\t\t<div class=\"elementor-element elementor-element-8f6937c elementor-widget elementor-widget-image\" data-id=\"8f6937c\" data-element_type=\"widget\" data-e-type=\"widget\" data-widget_type=\"image.default\">\n\t\t\t\t<div class=\"elementor-widget-container\">\n\t\t\t\t\t\t\t\t\t\t\t\t<figure class=\"wp-caption\">\n\t\t\t\t\t\t\t\t\t\t<img decoding=\"async\" width=\"468\" height=\"329\" src=\"https:\/\/www.buergernetz-alb.de\/wp-content\/uploads\/2020\/02\/Gruendungsfoto.jpg\" class=\"attachment-large size-large wp-image-491\" alt=\"\" srcset=\"https:\/\/www.buergernetz-alb.de\/wp-content\/uploads\/2020\/02\/Gruendungsfoto.jpg 468w, https:\/\/www.buergernetz-alb.de\/wp-content\/uploads\/2020\/02\/Gruendungsfoto-300x211.jpg 300w\" sizes=\"(max-width: 468px) 100vw, 468px\" \/>\t\t\t\t\t\t\t\t\t\t\t<figcaption class=\"widget-image-caption wp-caption-text\">Gr\u00fcndungsvorstand 2014<\/figcaption>\n\t\t\t\t\t\t\t\t\t\t<\/figure>\n\t\t\t\t\t\t\t\t\t<\/div>\n\t\t\t\t<\/div>\n\t\t\t\t<div class=\"elementor-element elementor-element-bf4710d elementor-align-left elementor-widget elementor-widget-button\" data-id=\"bf4710d\" data-element_type=\"widget\" data-e-type=\"widget\" data-widget_type=\"button.default\">\n\t\t\t\t<div class=\"elementor-widget-container\">\n\t\t\t\t\t\t\t\t\t<div class=\"elementor-button-wrapper\">\n\t\t\t\t\t<a class=\"elementor-button elementor-button-link elementor-size-sm\" href=\"http:\/\/www.buergernetz-alb.de\/buergernetz\/\">\n\t\t\t\t\t\t<span class=\"elementor-button-content-wrapper\">\n\t\t\t\t\t\t<span class=\"elementor-button-icon\">\n\t\t\t\t\t\t\t\t\t<i class=\"fa fa-forward\" aria-hidden=\"true\"><\/i>\n\t\t\t\t\t\t\t<\/span>\n\t\t\t\t\t\t\t\t\t<span class=\"elementor-button-text\">... \u00fcber das B\u00fcrgernetz Alb e.V.<\/span>\n\t\t\t\t\t<\/span>\n\t\t\t\t\t<\/a>\n\t\t\t\t<\/div>\n\t\t\t\t\t\t\t\t<\/div>\n\t\t\t\t<\/div>\n\t\t\t\t\t<\/div>\n\t\t<\/div>\n\t\t\t\t<div class=\"elementor-column elementor-col-50 elementor-top-column elementor-element elementor-element-d80ffe0\" data-id=\"d80ffe0\" data-element_type=\"column\" data-e-type=\"column\">\n\t\t\t<div class=\"elementor-widget-wrap elementor-element-populated\">\n\t\t\t\t\t\t<div class=\"elementor-element elementor-element-dcf9f4e elementor-widget elementor-widget-image\" data-id=\"dcf9f4e\" data-element_type=\"widget\" data-e-type=\"widget\" data-widget_type=\"image.default\">\n\t\t\t\t<div class=\"elementor-widget-container\">\n\t\t\t\t\t\t\t\t\t\t\t\t<figure class=\"wp-caption\">\n\t\t\t\t\t\t\t\t\t\t<img decoding=\"async\" width=\"640\" height=\"480\" src=\"https:\/\/www.buergernetz-alb.de\/wp-content\/uploads\/2020\/02\/Vorstand2018.jpg\" class=\"attachment-large size-large wp-image-495\" alt=\"\" srcset=\"https:\/\/www.buergernetz-alb.de\/wp-content\/uploads\/2020\/02\/Vorstand2018.jpg 640w, https:\/\/www.buergernetz-alb.de\/wp-content\/uploads\/2020\/02\/Vorstand2018-300x225.jpg 300w\" sizes=\"(max-width: 640px) 100vw, 640px\" \/>\t\t\t\t\t\t\t\t\t\t\t<figcaption class=\"widget-image-caption wp-caption-text\">Aktueller Vorstand 2022<\/figcaption>\n\t\t\t\t\t\t\t\t\t\t<\/figure>\n\t\t\t\t\t\t\t\t\t<\/div>\n\t\t\t\t<\/div>\n\t\t\t\t\t<\/div>\n\t\t<\/div>\n\t\t\t\t\t<\/div>\n\t\t<\/section>\n\t\t\t\t<\/div>\n\t\t","protected":false},"excerpt":{"rendered":"<p>Die Vereinsgeschichte vom B\u00fcrgernetz Alb e.V. Am 23. Juli 2014 wurde B\u00fcrgernetz Alb e.V gegr\u00fcndet. 2014 &nbsp; Gr\u00fcndungsversammlung 23. Juli 2014 &nbsp; Vorstand Ernst Eberhardt, Brigitte Geiser, Krista Petermann,Ulrike Harrer, Iris Mayer &nbsp; Mitgliederzahl 25 Gr\u00fcndungsmitglieder &nbsp; Eintrag ins Vereinsregister&hellip; <\/p>\n","protected":false},"author":1,"featured_media":0,"parent":0,"menu_order":0,"comment_status":"closed","ping_status":"closed","template":"","meta":{"footnotes":""},"class_list":["post-239","page","type-page","status-publish","hentry"],"_links":{"self":[{"href":"https:\/\/www.buergernetz-alb.de\/bna\/wp-json\/wp\/v2\/pages\/239","targetHints":{"allow":["GET"]}}],"collection":[{"href":"https:\/\/www.buergernetz-alb.de\/bna\/wp-json\/wp\/v2\/pages"}],"about":[{"href":"https:\/\/www.buergernetz-alb.de\/bna\/wp-json\/wp\/v2\/types\/page"}],"author":[{"embeddable":true,"href":"https:\/\/www.buergernetz-alb.de\/bna\/wp-json\/wp\/v2\/users\/1"}],"replies":[{"embeddable":true,"href":"https:\/\/www.buergernetz-alb.de\/bna\/wp-json\/wp\/v2\/comments?post=239"}],"version-history":[{"count":29,"href":"https:\/\/www.buergernetz-alb.de\/bna\/wp-json\/wp\/v2\/pages\/239\/revisions"}],"predecessor-version":[{"id":548,"href":"https:\/\/www.buergernetz-alb.de\/bna\/wp-json\/wp\/v2\/pages\/239\/revisions\/548"}],"wp:attachment":[{"href":"https:\/\/www.buergernetz-alb.de\/bna\/wp-json\/wp\/v2\/media?parent=239"}],"curies":[{"name":"wp","href":"https:\/\/api.w.org\/{rel}","templated":true}]}}